{"version":"1.0","provider_name":"El Clot de Galvany","provider_url":"https:\/\/clotdegalvany.es\/va\/","author_name":"Administrador El Clot de Galvany","author_url":"https:\/\/clotdegalvany.es\/va\/author\/el-clot-de-galvany\/","title":"INTRODUCCI\u00d3N DE FARTET EN EL CLOT DE GALVANY - El Clot de Galvany","type":"rich","width":600,"height":338,"html":"<blockquote class=\"wp-embedded-content\" data-secret=\"e8fYeWnFQg\"><a href=\"https:\/\/clotdegalvany.es\/va\/introduccion-de-fartet-en-el-clot-de-galvany\/\">INTRODUCCI\u00d3N DE FARTET EN EL CLOT DE GALVANY<\/a><\/blockquote><iframe sandbox=\"allow-scripts\" security=\"restricted\" src=\"https:\/\/clotdegalvany.es\/va\/introduccion-de-fartet-en-el-clot-de-galvany\/embed\/#?secret=e8fYeWnFQg\" width=\"600\" height=\"338\" title=\"&#8220;INTRODUCCI\u00d3N DE FARTET EN EL CLOT DE GALVANY&#8221; &#8212; El Clot de Galvany\" data-secret=\"e8fYeWnFQg\" frameborder=\"0\" marginwidth=\"0\" marginheight=\"0\" scrolling=\"no\" class=\"wp-embedded-content\"><\/iframe><script>\n\/*! This file is auto-generated *\/\n!function(d,l){\"use strict\";l.querySelector&&d.addEventListener&&\"undefined\"!=typeof URL&&(d.wp=d.wp||{},d.wp.receiveEmbedMessage||(d.wp.receiveEmbedMessage=function(e){var t=e.data;if((t||t.secret||t.message||t.value)&&!\/[^a-zA-Z0-9]\/.test(t.secret)){for(var s,r,n,a=l.querySelectorAll('iframe[data-secret=\"'+t.secret+'\"]'),o=l.querySelectorAll('blockquote[data-secret=\"'+t.secret+'\"]'),c=new RegExp(\"^https?:$\",\"i\"),i=0;i<o.length;i++)o[i].style.display=\"none\";for(i=0;i<a.length;i++)s=a[i],e.source===s.contentWindow&&(s.removeAttribute(\"style\"),\"height\"===t.message?(1e3<(r=parseInt(t.value,10))?r=1e3:~~r<200&&(r=200),s.height=r):\"link\"===t.message&&(r=new URL(s.getAttribute(\"src\")),n=new URL(t.value),c.test(n.protocol))&&n.host===r.host&&l.activeElement===s&&(d.top.location.href=t.value))}},d.addEventListener(\"message\",d.wp.receiveEmbedMessage,!1),l.addEventListener(\"DOMContentLoaded\",function(){for(var e,t,s=l.querySelectorAll(\"iframe.wp-embedded-content\"),r=0;r<s.length;r++)(t=(e=s[r]).getAttribute(\"data-secret\"))||(t=Math.random().toString(36).substring(2,12),e.src+=\"#?secret=\"+t,e.setAttribute(\"data-secret\",t)),e.contentWindow.postMessage({message:\"ready\",secret:t},\"*\")},!1)))}(window,document);\n\/\/# sourceURL=https:\/\/clotdegalvany.es\/wp-includes\/js\/wp-embed.min.js\n<\/script>\n","thumbnail_url":"https:\/\/clotdegalvany.es\/wp-content\/uploads\/2014\/04\/suelta-fartet-10.jpg","thumbnail_width":640,"thumbnail_height":427,"description":"El d\u00eda 4 de febrero en conmemoraci\u00f3n del D\u00eda Mundial de los Humedales, tuvo lugar el acto oficial de introducci\u00f3n de Fartet (Aphanius Iberus) en la charca de An\u00e1tidas del Paraje Natural Municipal del Clot de Galvany. Este se realiz\u00f3 en presencia de t\u00e9cnicos de Conselleria de Infraestructuras, Territorio y Medio Ambiente y su director..."}

INTRODUCCIÓN DE FARTET EN EL CLOT DE GALVANY - El Clot de Galvany

<blockquote class="wp-embedded-content" data-secret="e8fYeWnFQg"><a href="https://clotdegalvany.es/va/introduccion-de-fartet-en-el-clot-de-galvany/">INTRODUCCIÓN DE FARTET EN EL CLOT DE GALVANY</a></blockquote><iframe sandbox="allow-scripts" security="restricted" src="https://clotdegalvany.es/va/introduccion-de-fartet-en-el-clot-de-galvany/embed/#?secret=e8fYeWnFQg" width="600" height="338" title="&#8220;INTRODUCCIÓN DE FARTET EN EL CLOT DE GALVANY&#8221; &#8212; El Clot de Galvany" data-secret="e8fYeWnFQg" frameborder="0" marginwidth="0" marginheight="0" scrolling="no" class="wp-embedded-content"></iframe><script>
/*! This file is auto-generated */
!function(d,l){"use strict";l.querySelector&&d.addEventListener&&"undefined"!=typeof URL&&(d.wp=d.wp||{},d.wp.receiveEmbedMessage||(d.wp.receiveEmbedMessage=function(e){var t=e.data;if((t||t.secret||t.message||t.value)&&!/[^a-zA-Z0-9]/.test(t.secret)){for(var s,r,n,a=l.querySelectorAll('iframe[data-secret="'+t.secret+'"]'),o=l.querySelectorAll('blockquote[data-secret="'+t.secret+'"]'),c=new RegExp("^https?:$","i"),i=0;i<o.length;i++)o[i].style.display="none";for(i=0;i<a.length;i++)s=a[i],e.source===s.contentWindow&&(s.removeAttribute("style"),"height"===t.message?(1e3<(r=parseInt(t.value,10))?r=1e3:~~r<200&&(r=200),s.height=r):"link"===t.message&&(r=new URL(s.getAttribute("src")),n=new URL(t.value),c.test(n.protocol))&&n.host===r.host&&l.activeElement===s&&(d.top.location.href=t.value))}},d.addEventListener("message",d.wp.receiveEmbedMessage,!1),l.addEventListener("DOMContentLoaded",function(){for(var e,t,s=l.querySelectorAll("iframe.wp-embedded-content"),r=0;r<s.length;r++)(t=(e=s[r]).getAttribute("data-secret"))||(t=Math.random().toString(36).substring(2,12),e.src+="#?secret="+t,e.setAttribute("data-secret",t)),e.contentWindow.postMessage({message:"ready",secret:t},"*")},!1)))}(window,document);
//# sourceURL=https://clotdegalvany.es/wp-includes/js/wp-embed.min.js
</script>

El día 4 de febrero en conmemoración del Día Mundial de los Humedales, tuvo lugar el acto oficial de introducción de Fartet (Aphanius Iberus) en la charca de Anátidas del Paraje Natural Municipal del Clot de Galvany. Este se realizó en presencia de técnicos de Conselleria de Infraestructuras, Territorio y Medio Ambiente y su director...
