{"version":"1.0","provider_name":"El Clot de Galvany","provider_url":"https:\/\/clotdegalvany.es\/va\/","author_name":"Editor El Clot de Galvany","author_url":"https:\/\/clotdegalvany.es\/va\/author\/clotdegalvany\/","title":"Dia Internacional dels Boscos 2018 - El Clot de Galvany","type":"rich","width":600,"height":338,"html":"<blockquote class=\"wp-embedded-content\" data-secret=\"cX8defkrEs\"><a href=\"https:\/\/clotdegalvany.es\/va\/dia-internacional-dels-boscos-2018\/\">Dia Internacional dels Boscos 2018<\/a><\/blockquote><iframe sandbox=\"allow-scripts\" security=\"restricted\" src=\"https:\/\/clotdegalvany.es\/va\/dia-internacional-dels-boscos-2018\/embed\/#?secret=cX8defkrEs\" width=\"600\" height=\"338\" title=\"&#8220;Dia Internacional dels Boscos 2018&#8221; &#8212; El Clot de Galvany\" data-secret=\"cX8defkrEs\" frameborder=\"0\" marginwidth=\"0\" marginheight=\"0\" scrolling=\"no\" class=\"wp-embedded-content\"><\/iframe><script>\n\/*! This file is auto-generated *\/\n!function(d,l){\"use strict\";l.querySelector&&d.addEventListener&&\"undefined\"!=typeof URL&&(d.wp=d.wp||{},d.wp.receiveEmbedMessage||(d.wp.receiveEmbedMessage=function(e){var t=e.data;if((t||t.secret||t.message||t.value)&&!\/[^a-zA-Z0-9]\/.test(t.secret)){for(var s,r,n,a=l.querySelectorAll('iframe[data-secret=\"'+t.secret+'\"]'),o=l.querySelectorAll('blockquote[data-secret=\"'+t.secret+'\"]'),c=new RegExp(\"^https?:$\",\"i\"),i=0;i<o.length;i++)o[i].style.display=\"none\";for(i=0;i<a.length;i++)s=a[i],e.source===s.contentWindow&&(s.removeAttribute(\"style\"),\"height\"===t.message?(1e3<(r=parseInt(t.value,10))?r=1e3:~~r<200&&(r=200),s.height=r):\"link\"===t.message&&(r=new URL(s.getAttribute(\"src\")),n=new URL(t.value),c.test(n.protocol))&&n.host===r.host&&l.activeElement===s&&(d.top.location.href=t.value))}},d.addEventListener(\"message\",d.wp.receiveEmbedMessage,!1),l.addEventListener(\"DOMContentLoaded\",function(){for(var e,t,s=l.querySelectorAll(\"iframe.wp-embedded-content\"),r=0;r<s.length;r++)(t=(e=s[r]).getAttribute(\"data-secret\"))||(t=Math.random().toString(36).substring(2,12),e.src+=\"#?secret=\"+t,e.setAttribute(\"data-secret\",t)),e.contentWindow.postMessage({message:\"ready\",secret:t},\"*\")},!1)))}(window,document);\n\/\/# sourceURL=https:\/\/clotdegalvany.es\/wp-includes\/js\/wp-embed.min.js\n<\/script>\n","thumbnail_url":"https:\/\/clotdegalvany.es\/wp-content\/uploads\/2018\/03\/04-marzo-bosques.jpg","thumbnail_width":"1080","thumbnail_height":"399","description":"Cada 21 de mar\u00e7 es celebra el Dia Internacional dels Boscos, tamb\u00e9 anomenat Dia Forestal Mundial, coincidint amb l\u2019inici de la primavera. Amb motiu d\u2019aquest dia, al Clot de Galvany es preparar\u00e0 el dissabte 24 i el diumenge 25 de mar\u00e7 les seg\u00fcents activitats especials: 10.00 \u2013 12.00 h. Visita tem\u00e0tica guiada: \u201cEls arbres del..."}

Cada 21 de març es celebra el Dia Internacional dels Boscos, també anomenat Dia Forestal Mundial, coincidint amb l’inici de la primavera. Amb motiu d’aquest dia, al Clot de Galvany es prepararà el dissabte 24 i el diumenge 25 de març les següents activitats especials: 10.00 – 12.00 h. Visita temàtica guiada: “Els arbres del...
